*2 + 255*f - 9607. Determine n(46).
7
Let x(d) = d**3 + 49*d**2 + 27*d + 18. Determine x(-48).
1026
Let o(a) = -104*a - 2824. What is o(-27)?
-16
Let r(c) = -7*c**2 + 30*c - 62. Calculate r(2).
-30
Let u(y) = 16*y**2 + 3*y - 8. What is u(-2)?
50
Let x(d) = 7*d**2 - 80*d - 38. What is x(13)?
105
Let u(x) = 21*x - 2381. Give u(114).
13
Let h(x) = 21*x + 900. Calculate h(-40).
60
Let o(x) = 2*x**2 + 22*x + 10. Give o(-7).
-46
Let i(q) = -1336*q - 3993. Give i(-3).
15
Let g(h) = -21*h**2 - 17*h + 3. Determine g(-6).
-651
Let a(j) = -6029*j - 12052. Calculate a(-2).
6
Let o(d) = 10*d - 770. Give o(77).
0
Let k(t) = -4*t**3 - 3*t**2 - 4*t - 1. Calculate k(-2).
27
Let d(v) = -11*v + 183. What is d(15)?
18
Let s(j) = 10*j - 102. Give s(12).
18
Let v(u) = u**2 + 449*u + 3910. Give v(-9).
-50
Let t(b) = 8*b**2 + 216*b + 83. Give t(-26).
-125
Let j(s) = -7*s - 31. Give j(2).
-45
Let j(d) = 35*d**3 + 3*d**2 - 27*d - 60. What is j(-2)?
-274
Let q(t) = 6*t**2 - 5*t - 2. Determine q(1).
-1
Let h(w) = -w**3 - w**2 + 35*w + 24. Calculate h(7).
-123
Let u(z) = -z**3 + 9*z - 5. Calculate u(4).
-33
Let w(t) = -t**2 - 139*t - 526. Determine w(-4).
14
Let i(u) = -u**3 + 2*u**2 + 10*u - 83. What is i(6)?
-167
Let n(q) = 2*q**2 + 64. Calculate n(9).
226
Let g(r) = -8*r**2 + 38*r + 118. Calculate g(-3).
-68
Let f(g) = -2*g**3 + 40*g**2 + 50*g + 33. Give f(21).
201
Let n(z) = -z**2 + z + 365. Determine n(17).
93
Let x(v) = 319*v + 3565. Calculate x(-11).
56
Let k(v) = 4*v**2 + 37*v + 33. Determine k(-1).
0
Let k(u) = -11*u - 119. Determine k(-11).
2
Let c(k) = 3*k**3 - 38*k**2 - 61*k + 49. Give c(14).
-21
Let q(m) = 2*m**3 - 2*m**2 + 10*m - 27. Calculate q(3).
39
Let b(c) = 37*c**2 - 27*c - 88. Give b(-3).
326
Let t(x) = -x**2 - 33*x - 103. Determine t(-14).
163
Let o(u) = u**3 - 11*u**2 + 4*u - 29. Give o(7).
-197
Let h(a) = 2*a**3 + 3*a**2 - 820*a - 18. What is h(-21)?
3
Let d(g) = -2*g - 16. What is d(-3)?
-10
Let l(h) = 6*h**3 + h**2 + 2*h + 3. Give l(-1).
-4
Let g(j) = 124*j - 367. Calculate g(3).
5
Let j(v) = -v**3 + 18*v**2 - 10*v - 60. Give j(17).
59
Let i(f) = -11*f**3 + 10. What is i(-2)?
98
Let u(r) = -1563*r - 40640. Determine u(-26).
-2
Let j(v) = 2*v**2 - 2*v + 7. Calculate j(0).
7
Let z(r) = -135*r - 1072. Give z(-8).
8
Let o(z) = -90*z**3 + 3*z**2 + 21*z + 35. Calculate o(-2).
725
Let j(i) = 32922*i + 131683. Determine j(-4).
-5
Let z(d) = -d**3 - 61*d**2 - 227*d + 44. Determine z(-57).
-13
Let n(m) = -7*m**3 + 6*m - 15. Calculate n(3).
-186
Let d(f) = 61*f - 1592. Give d(26).
-6
Let h(d) = -2*d**2 + 522*d - 3569. Calculate h(7).
-13
Let a(z) = -3*z - 46. Calculate a(-14).
-4
Let j(p) = 2*p**3 + 9*p**2 + 7*p + 139. Determine j(-6).
-11
Let g(f) = -f**2 + 89*f + 325. What is g(-4)?
-47
Let r(i) = -8*i**2 + 122. Determine r(4).
-6
Let v(n) = -786*n - 1567. Calculate v(-2).
5
Let k(n) = -n**2 - 134*n. Give k(0).
0
Let o(j) = j**3 - 19*j**2 + 96*j - 25. Calculate o(8).
39
Let d(y) = 18*y**2 - 775*y + 45. What is d(43)?
2
Let u(c) = -12*c**2 + 353*c - 137. Give u(29).
8
Let b(z) = 25*z**2 - 500*z + 34. Give b(20).
34
Let y(c) = -c**2 - 33*c + 1062. Calculate y(-53).
2
Let v(r) = -r**3 + 60*r**2 - 820*r + 34. What is v(39)?
-5
Let k(t) = t**3 + 20*t**2 + 35*t - 54. Calculate k(-18).
-36
Let o(j) = j**2 + 21*j - 341. Calculate o(13).
101
Let w(a) = a**2 - 62*a + 791. Determine w(18).
-1
Let v(k) = 9*k - 1265. What is v(140)?
-5
Let t(q) = q**3 + 7*q**2 - 117*q - 802. Give t(-11).
1
Let o(n) = 4*n**3 - 3*n**2 - 6*n - 9. Give o(-2).
-41
Let w(l) = -l**3 - 34*l**2 - 51*l + 121. Determine w(-32).
-295
Let v(x) = -2*x**3 + 9*x**2 - 503*x + 2551. Calculate v(5).
11
Let j(n) = -37*n**2 + 407*n - 5. Give j(11).
-5
Let m(f) = -161*f**2 - 1291*f - 17. What is m(-8)?
7
Let j(t) = -t**3 + t**2 + 13*t - 44. Determine j(-6).
130
Let b(g) = g**3 + 30*g**2 - 9*g - 275. What is b(-30)?
-5
Let h(i) = i**3 + 14*i**2 - 42*i - 72. What is h(-16)?
88
Let j(w) = 53*w + 1528. Give j(-29).
-9
Let h(q) = -34*q**2 + 1573*q - 409. Determine h(46).
5
Let t(s) = s**2 - 24658. What is t(-157)?
-9
Let q(z) = -z**3 + 67*z**2 - 9*z - 4. Calculate q(0).
-4
Let t(y) = y**3 + 15*y**2 + 34*y + 102. Calculate t(-13).
-2
Let a(s) = -590*s + 66676. Calculate a(113).
6
Let q(b) = -2*b**3 - 52*b**2 + 58*b + 314. Give q(-2).
6
Let k(q) = 2*q**2 + 327*q + 10801. Give k(-46).
-9
Let b(l) = 49*l + 2646. What is b(-54)?
0
Let z(u) = -4*u**2 + 2*u - 4. Determine z(0).
-4
Let p(v) = v**3 + 38*v**2 + 107*v + 48. Give p(-35).
-22
Let q(i) = i**3 + 25*i**2 + 50*i + 45. Give q(-24).
-579
Let b(u) = -2*u**2 + 63*u - 122. What is b(28)?
74
Let i(g) = -g + 19. What is i(-17)?
36
Let a(g) = -229*g**2 - 1150*g - 23. Give a(-5).
2
Let w(y) = -12*y**2 - 30*y + 4. Give w(-3).
-14
Let z(p) = 8*p**2 + 9*p - 20. Give z(-5).
135
Let q(u) = -63*u + 8081. Determine q(128).
17
Let x(m) = -m**3 - 63*m**2 + 9720*m - 4. Determine x(-135).
-4
Let n(y) = 2*y**3 + 12*y**2 + 2*y + 19. Give n(-6).
7
Let n(x) = x**3 - 152*x**2 - 147*x - 910. Give n(153).
8
Let g(q) = 162*q - 5995. Determine g(37).
-1
Let s(o) = 933*o - 942. What is s(1)?
-9
Let n(m) = 423*m - 29604. Calculate n(70).
6
Let n(q) = -q**3 - 24*q**2 + 58*q - 6. Determine n(-26).
-162
Let z(b) = -822*b + 14820. Calculate z(18).
24
Let p(g) = 29*g**2 + 268*g + 22. What is p(-9)?
-41
Let k(w) = -809*w - 7153. What is k(-9)?
128
Let v(w) = -w**3 - 26*w**2 - 49*w + 53. Give v(-24).
77
Let q(y) = 85*y - 682. What is q(7)?
-87
Let f(m) = -6604*m + 33004. Determine f(5).
-16
Let y(b) = b**3 - 22*b**2 - 149*b + 8. What is y(27)?
-370
Let r(t) = -2*t**3 - 161*t**2 + 661*t + 27. Give r(4).
-33
Let h(k) = -k**3 + 73*k**2 - 83*k + 793. Calculate h(72).
1
Let b(u) = -u**3 - 63*u**2 + 137*u - 217. What is b(-65)?
-672
Let x(b) = b**2 + 58*b - 379. Give x(6).
5
Let t(r) = -567*r - 59539. Determine t(-105).
-4
Let x(l) = 7721*l + 15448. Determine x(-2).
6
Let v(u) = 10*u**3 - 151*u**2 + 17*u - 46. Give v(15).
-16
Let f(z) = 36*z - 729. Calculate f(17).
-117
Let z(y) = 494*y + 15361. Determine z(-31).
47
Let f(x) = -x**3 + 7*x**2 + 22*x - 29. Calculate f(9).
7
Let q(g) = 2*g**3 - 38*g**2 + 19*g - 123. What is q(19)?
238
Let k(b) = 3*b**3 + 17*b**2 + 49*b + 208. Calculate k(-5).
13
Let f(z) = 51*z - 146. Determine f(7).
211
Let t(m) = m**3 + 81*m**2 + 168*m + 783. Calculate t(-79).
-7
Let a(j) = 4*j**2 + 52*j - 61. Give a(-14).
-5
Let g(c) = c**3 - 21*c**2 + 11*c + 521. Calculate g(19).
8
Let b(c) = -c**2 + 121*c + 204724. Give b(-396).
-8
Let t(a) = 19*a**2 - 44*a - 271. Determine t(-5).
424
Let o(c) = -268*c - 104512. What is o(-390)?
8
Let j(t) = -2*t**2 + 315*t - 463. Give j(156).
5
Let l(q) = 2*q**3 + 2*q**2 - 44*q + 22. Determine l(5).
102
Let b(g) = -1798*g - 48546. Calculate b(-27).
0
Let h(t) = -t**3 - 107*t**2 + 216*t - 220. Calculate h(-109).
-2
Let a(p) = -68*p - 5. What is a(1)?
-73
Let b(h) = -h - 1120. Give b(44).
-1164
Let z(b) = 9*b - 62. Calculate z(3).
-35
Let m(k) = -3*k**2 - k + 57. Determine m(6).
-57
Let v(o) = -54*o - 50. What is v(-2)?
58
Let r(g) = g**3 - 80*g**2 - 179*g + 1234. What is r(82)?
4
Let n(d) = 8*d**3 + 5*d**2 - 19*d - 52. What is n(-2)?
-58
Let a(v) = 26*v**2 + 88*v - 68. Calculate a(-4).
-4
Let r(p) = -16*p**2 + 35*p - 70. Calculate r(2).
-64
Let n(m) = 81*m + 426. Give n(-7).
-141
Let o(r) = r**3 - 59*r**2 + 449*r + 66. Calculate o(50).
16
Let a(h) = 75*h + 16. What is a(2)?
166
Let r(a) = a**2 - 12*a - 87. What is r(-4)?
-23
Let i(w) = 353*w - 1426. Calculate i(4).
-14
Let q(y) = -50*y + 3651. What is q(73)?
1
Let w(q) = 252*q + 3770. Give w(-15).
-10
Let b(h) = -260*h + 4182. What is b(16)?
22
Let m(z) = 2*z**3 - 36*z**2 + 31*z + 65. What is m(17)?
14
Let c(b) = 2*b**3 - 34*b**2 + 20*b - 340. Give c(17).
0
Let d(l) = -88*l + 41. Calculate d(-5).
481
Let z(f) = f**3 + 35*f**2 + 34*f + 1086. Calculate z(-35).
-104
Let z(h) = -5*h**3 - 4*h**2 + 14*h - 3. What is z(4)?
-331
Let j(y) = y**2 - 107*y + 1565. What is j(21)?
-241
Let v(y) = -y**2 - 40*y + 182. Determine v(-35).
357
Let c(o) = o**3 + 10*o**2 - 264*o + 83. Give c(-22).
83
Let i(u) = 1444*u + 11551. Calculate i(-8).
-1
Let w(d) = -228*d + 5014. Give w(22).
-2
Let r(n) = 26*n**2 - 14*n - 36. Determine r(-2).
96
Let c(p) = -299*p + 7535. Give c(24).
359
Let p(w) = -51*w + 1757. Calculate p(30)